{"id":92,"date":"2020-08-04T06:12:15","date_gmt":"2020-08-04T06:12:15","guid":{"rendered":"https:\/\/fratelligiampa.it\/index.php\/our-farm\/"},"modified":"2021-02-12T12:17:33","modified_gmt":"2021-02-12T12:17:33","slug":"azienda","status":"publish","type":"page","link":"https:\/\/fratelligiampa.it\/index.php\/azienda\/","title":{"rendered":"L&#8217;Azienda"},"content":{"rendered":"\t\t<div data-elementor-type=\"wp-page\" data-elementor-id=\"92\" class=\"elementor elementor-92\" data-elementor-settings=\"[]\">\n\t\t\t\t\t\t\t<div class=\"elementor-section-wrap\">\n\t\t\t\t\t\t\t<section class=\"elementor-section elementor-top-section elementor-element elementor-element-6128fcf elementor-section-boxed elementor-section-height-default elementor-section-height-default\" data-id=\"6128fcf\" data-element_type=\"section\" data-settings=\"{&quot;background_background&quot;:&quot;classic&quot;}\">\n\t\t\t\t\t\t\t<div class=\"elementor-background-overlay\"><\/div>\n\t\t\t\t\t\t\t<div class=\"elementor-container elementor-column-gap-no\">\n\t\t\t\t\t<div class=\"elementor-column elementor-col-50 elementor-top-column elementor-element elementor-element-fd151ed\" data-id=\"fd151ed\" data-element_type=\"column\">\n\t\t\t<div class=\"elementor-widget-wrap elementor-element-populated\">\n\t\t\t\t\t\t\t\t<div class=\"elementor-element elementor-element-a845796 elementor-widget-divider--view-line elementor-widget elementor-widget-divider\" data-id=\"a845796\" data-element_type=\"widget\" data-widget_type=\"divider.default\">\n\t\t\t\t<div class=\"elementor-widget-container\">\n\t\t\t\t\t<div class=\"elementor-divider\">\n\t\t\t<span class=\"elementor-divider-separator\">\n\t\t\t\t\t\t<\/span>\n\t\t<\/div>\n\t\t\t\t<\/div>\n\t\t\t\t<\/div>\n\t\t\t\t<div class=\"elementor-element elementor-element-b80c507 elementor-widget elementor-widget-heading\" data-id=\"b80c507\" data-element_type=\"widget\" data-widget_type=\"heading.default\">\n\t\t\t\t<div class=\"elementor-widget-container\">\n\t\t\t<h1 class=\"elementor-heading-title elementor-size-default\">La Nostra Azienda Agricola<\/h1>\t\t<\/div>\n\t\t\t\t<\/div>\n\t\t\t\t\t<\/div>\n\t\t<\/div>\n\t\t\t\t<div class=\"elementor-column elementor-col-50 elementor-top-column elementor-element elementor-element-e42f3a2\" data-id=\"e42f3a2\" data-element_type=\"column\">\n\t\t\t<div class=\"elementor-widget-wrap\">\n\t\t\t\t\t\t\t\t\t<\/div>\n\t\t<\/div>\n\t\t\t\t\t\t\t<\/div>\n\t\t<\/section>\n\t\t\t\t<section class=\"elementor-section elementor-top-section elementor-element elementor-element-8df8296 elementor-section-boxed elementor-section-height-default elementor-section-height-default\" data-id=\"8df8296\" data-element_type=\"section\">\n\t\t\t\t\t\t<div class=\"elementor-container elementor-column-gap-default\">\n\t\t\t\t\t<div class=\"elementor-column elementor-col-100 elementor-top-column elementor-element elementor-element-8f4729e\" data-id=\"8f4729e\" data-element_type=\"column\">\n\t\t\t<div class=\"elementor-widget-wrap elementor-element-populated\">\n\t\t\t\t\t\t\t\t<div class=\"elementor-element elementor-element-d725b08 elementor-widget elementor-widget-spacer\" data-id=\"d725b08\" data-element_type=\"widget\" data-widget_type=\"spacer.default\">\n\t\t\t\t<div class=\"elementor-widget-container\">\n\t\t\t\t\t<div class=\"elementor-spacer\">\n\t\t\t<div class=\"elementor-spacer-inner\"><\/div>\n\t\t<\/div>\n\t\t\t\t<\/div>\n\t\t\t\t<\/div>\n\t\t\t\t<div class=\"elementor-element elementor-element-e9d1f7a elementor-widget elementor-widget-heading\" data-id=\"e9d1f7a\" data-element_type=\"widget\" data-widget_type=\"heading.default\">\n\t\t\t\t<div class=\"elementor-widget-container\">\n\t\t\t<h6 class=\"elementor-heading-title elementor-size-default\">fratelli giamp\u00e0 societ\u00e0 agricola<\/h6>\t\t<\/div>\n\t\t\t\t<\/div>\n\t\t\t\t<div class=\"elementor-element elementor-element-9e70a9f elementor-widget elementor-widget-text-editor\" data-id=\"9e70a9f\" data-element_type=\"widget\" data-widget_type=\"text-editor.default\">\n\t\t\t\t<div class=\"elementor-widget-container\">\n\t\t\t\t\t<div class=\"elementor-text-editor elementor-clearfix\"><p>Anno 1967, Calabria, vicino Pizzo. La famiglia Giamp\u00e0 sta coltivando i suoi terreni, si sente l&#8217;odore del mare, l&#8217;odore della terra. L&#8217; annata sembra promettere bene, anche se in cuor suo l&#8217;agricoltore s\u00e0 che \u00e8 nelle mani di madre natura. E&#8217; marzo, mattina presto, sta arrivando la primavera, si spera che duri e che non arrivi qualche gelata a compromettere le colture.&nbsp;&nbsp;<\/p>\n<p>Oggi come allora la famiglia Giamp\u00e0, con le generazioni successive, mette la stessa passione per offrire ai propri clienti prodotti di qualit\u00e0 che portino sulle tavole di tutta Italia&nbsp; gli odori e la passione di quella mattina di marzo a Pizzo.<\/p><\/div>\n\t\t\t\t<\/div>\n\t\t\t\t<\/div>\n\t\t\t\t<section class=\"elementor-section elementor-inner-section elementor-element elementor-element-afcae8f elementor-section-boxed elementor-section-height-default elementor-section-height-default\" data-id=\"afcae8f\" data-element_type=\"section\">\n\t\t\t\t\t\t<div class=\"elementor-container elementor-column-gap-no\">\n\t\t\t\t\t<div class=\"elementor-column elementor-col-33 elementor-inner-column elementor-element elementor-element-6d991cf\" data-id=\"6d991cf\" data-element_type=\"column\">\n\t\t\t<div class=\"elementor-widget-wrap elementor-element-populated\">\n\t\t\t\t\t\t\t\t<div class=\"elementor-element elementor-element-a723a6c elementor-widget-divider--view-line elementor-widget elementor-widget-divider\" data-id=\"a723a6c\" data-element_type=\"widget\" data-widget_type=\"divider.default\">\n\t\t\t\t<div class=\"elementor-widget-container\">\n\t\t\t\t\t<div class=\"elementor-divider\">\n\t\t\t<span class=\"elementor-divider-separator\">\n\t\t\t\t\t\t<\/span>\n\t\t<\/div>\n\t\t\t\t<\/div>\n\t\t\t\t<\/div>\n\t\t\t\t<div class=\"elementor-element elementor-element-63390d5 elementor-widget elementor-widget-heading\" data-id=\"63390d5\" data-element_type=\"widget\" data-widget_type=\"heading.default\">\n\t\t\t\t<div class=\"elementor-widget-container\">\n\t\t\t<h2 class=\"elementor-heading-title elementor-size-default\">Amore per la natura<\/h2>\t\t<\/div>\n\t\t\t\t<\/div>\n\t\t\t\t\t<\/div>\n\t\t<\/div>\n\t\t\t\t<div class=\"elementor-column elementor-col-66 elementor-inner-column elementor-element elementor-element-aa99ead\" data-id=\"aa99ead\" data-element_type=\"column\">\n\t\t\t<div class=\"elementor-widget-wrap elementor-element-populated\">\n\t\t\t\t\t\t\t\t<div class=\"elementor-element elementor-element-e4d9125 elementor-widget elementor-widget-text-editor\" data-id=\"e4d9125\" data-element_type=\"widget\" data-widget_type=\"text-editor.default\">\n\t\t\t\t<div class=\"elementor-widget-container\">\n\t\t\t\t\t<div class=\"elementor-text-editor elementor-clearfix\"><p>Rispondere a questa &#8220;vocazione&#8221;, coniugando rispetto del territorio e della tradizione\u00a0<\/p><\/div>\n\t\t\t\t<\/div>\n\t\t\t\t<\/div>\n\t\t\t\t<div class=\"elementor-element elementor-element-4e8b680 elementor-widget elementor-widget-text-editor\" data-id=\"4e8b680\" data-element_type=\"widget\" data-widget_type=\"text-editor.default\">\n\t\t\t\t<div class=\"elementor-widget-container\">\n\t\t\t\t\t<div class=\"elementor-text-editor elementor-clearfix\"><\/div>\n\t\t\t\t<\/div>\n\t\t\t\t<\/div>\n\t\t\t\t\t<\/div>\n\t\t<\/div>\n\t\t\t\t\t\t\t<\/div>\n\t\t<\/section>\n\t\t\t\t\t<\/div>\n\t\t<\/div>\n\t\t\t\t\t\t\t<\/div>\n\t\t<\/section>\n\t\t\t\t<section class=\"elementor-section elementor-top-section elementor-element elementor-element-2726884 elementor-section-boxed elementor-section-height-default elementor-section-height-default\" data-id=\"2726884\" data-element_type=\"section\">\n\t\t\t\t\t\t<div class=\"elementor-container elementor-column-gap-no\">\n\t\t\t\t\t<div class=\"elementor-column elementor-col-100 elementor-top-column elementor-element elementor-element-c6dac85\" data-id=\"c6dac85\" data-element_type=\"column\">\n\t\t\t<div class=\"elementor-widget-wrap elementor-element-populated\">\n\t\t\t\t\t\t\t\t<div class=\"elementor-element elementor-element-f52390c elementor-widget elementor-widget-image\" data-id=\"f52390c\" data-element_type=\"widget\" data-widget_type=\"image.default\">\n\t\t\t\t<div class=\"elementor-widget-container\">\n\t\t\t\t\t<div class=\"elementor-image\">\n\t\t\t\t\t\t\t\t\t\t<img width=\"1200\" height=\"640\" src=\"https:\/\/fratelligiampa.it\/wp-content\/uploads\/2020\/08\/horticulturist-seeding-plants.jpg\" class=\"attachment-full size-full\" alt=\"\" loading=\"lazy\" srcset=\"https:\/\/fratelligiampa.it\/wp-content\/uploads\/2020\/08\/horticulturist-seeding-plants.jpg 1200w, https:\/\/fratelligiampa.it\/wp-content\/uploads\/2020\/08\/horticulturist-seeding-plants-300x160.jpg 300w, https:\/\/fratelligiampa.it\/wp-content\/uploads\/2020\/08\/horticulturist-seeding-plants-1024x546.jpg 1024w, https:\/\/fratelligiampa.it\/wp-content\/uploads\/2020\/08\/horticulturist-seeding-plants-768x410.jpg 768w\" sizes=\"(max-width: 1200px) 100vw, 1200px\" \/>\t\t\t\t\t\t\t\t\t\t\t<\/div>\n\t\t\t\t<\/div>\n\t\t\t\t<\/div>\n\t\t\t\t\t<\/div>\n\t\t<\/div>\n\t\t\t\t\t\t\t<\/div>\n\t\t<\/section>\n\t\t\t\t<section class=\"elementor-section elementor-top-section elementor-element elementor-element-7426f39c elementor-section-boxed elementor-section-height-default elementor-section-height-default\" data-id=\"7426f39c\" data-element_type=\"section\">\n\t\t\t\t\t\t<div class=\"elementor-container elementor-column-gap-no\">\n\t\t\t\t\t<div class=\"elementor-column elementor-col-100 elementor-top-column elementor-element elementor-element-45bf4dd9\" data-id=\"45bf4dd9\" data-element_type=\"column\">\n\t\t\t<div class=\"elementor-widget-wrap elementor-element-populated\">\n\t\t\t\t\t\t\t\t<div class=\"elementor-element elementor-element-1da53643 elementor-widget-divider--view-line elementor-widget elementor-widget-divider\" data-id=\"1da53643\" data-element_type=\"widget\" data-widget_type=\"divider.default\">\n\t\t\t\t<div class=\"elementor-widget-container\">\n\t\t\t\t\t<div class=\"elementor-divider\">\n\t\t\t<span class=\"elementor-divider-separator\">\n\t\t\t\t\t\t<\/span>\n\t\t<\/div>\n\t\t\t\t<\/div>\n\t\t\t\t<\/div>\n\t\t\t\t<div class=\"elementor-element elementor-element-62add5e5 elementor-widget elementor-widget-heading\" data-id=\"62add5e5\" data-element_type=\"widget\" data-widget_type=\"heading.default\">\n\t\t\t\t<div class=\"elementor-widget-container\">\n\t\t\t<h2 class=\"elementor-heading-title elementor-size-default\">L'Azienda Oggi<\/h2>\t\t<\/div>\n\t\t\t\t<\/div>\n\t\t\t\t<div class=\"elementor-element elementor-element-73619fd7 elementor-widget elementor-widget-text-editor\" data-id=\"73619fd7\" data-element_type=\"widget\" data-widget_type=\"text-editor.default\">\n\t\t\t\t<div class=\"elementor-widget-container\">\n\t\t\t\t\t<div class=\"elementor-text-editor elementor-clearfix\"><p>Sessantasei ettari, modernamente strutturati e destinati anche alla produzione di colture protette, in particolare ortaggi, fragole e agrumi: cos\u00ec l&#8217;azienda condotta da Antonio Giamp\u00e0 &#8211; titolare e responsabile di produzione &#8211; \u00e8 in grado di stare sul mercato durante tutto l&#8217;arco dell&#8217;anno, con un calendario di commercializzazione molto ampio.<br \/>L&#8217;azienda agricola Fratelli Giamp\u00e0 nasce nel 1967 a Pizzo (VV).\u00a0<\/p><p>Ci troviamo lungo la costa dei Feaci, tratto della costa tirrenica calabrese che si affaccia sul golfo di Sant&#8217;Eufemia.<\/p><p>L&#8217;impresa, certificata GlobalGAP, fa capo alla Op Ortonatura, una realt\u00e0 imprenditoriale solida che nasce dall&#8217;esperienza di cinque aziende calabresi specializzate nel settore ortofrutticolo, ubicate tra la piana di Lamezia Terme (CZ), il comune di Pizzo (VV) e di Reggio Calabria.<br \/>L&#8217;intera filiera di produzione, dalla semina al raccolto, dalla lavorazione al confezionamento, \u00e8 seguita con attenzione. Una volta raccolti, i prodotti vengono lavorati presso gli stabilimenti e distribuiti entro 24 ore.<\/p><p>Il 90% dei prodotti viene coltivato in maniera intensiva sotto tunnel, garantendo cos\u00ec sul mercato la continuit\u00e0 della fornitura. Periodiche le analisi multiresiduali che vengono effettuate sia su prodotti e terreni di coltivazione che sulle acque di irrigazione e risciacquo dei prodotti.<\/p><\/div>\n\t\t\t\t<\/div>\n\t\t\t\t<\/div>\n\t\t\t\t\t<\/div>\n\t\t<\/div>\n\t\t\t\t\t\t\t<\/div>\n\t\t<\/section>\n\t\t\t\t<section class=\"elementor-section elementor-top-section elementor-element elementor-element-ab192a8 elementor-section-boxed elementor-section-height-default elementor-section-height-default\" data-id=\"ab192a8\" data-element_type=\"section\">\n\t\t\t\t\t\t<div class=\"elementor-container elementor-column-gap-default\">\n\t\t\t\t\t<div class=\"elementor-column elementor-col-100 elementor-top-column elementor-element elementor-element-826f3b1\" data-id=\"826f3b1\" data-element_type=\"column\">\n\t\t\t<div class=\"elementor-widget-wrap elementor-element-populated\">\n\t\t\t\t\t\t\t\t<section class=\"elementor-section elementor-inner-section elementor-element elementor-element-4324238 elementor-section-boxed elementor-section-height-default elementor-section-height-default\" data-id=\"4324238\" data-element_type=\"section\">\n\t\t\t\t\t\t<div class=\"elementor-container elementor-column-gap-no\">\n\t\t\t\t\t<div class=\"elementor-column elementor-col-33 elementor-inner-column elementor-element elementor-element-fdf0817\" data-id=\"fdf0817\" data-element_type=\"column\">\n\t\t\t<div class=\"elementor-widget-wrap elementor-element-populated\">\n\t\t\t\t\t\t\t\t<div class=\"elementor-element elementor-element-53cf5dd elementor-widget-divider--view-line elementor-widget elementor-widget-divider\" data-id=\"53cf5dd\" data-element_type=\"widget\" data-widget_type=\"divider.default\">\n\t\t\t\t<div class=\"elementor-widget-container\">\n\t\t\t\t\t<div class=\"elementor-divider\">\n\t\t\t<span class=\"elementor-divider-separator\">\n\t\t\t\t\t\t<\/span>\n\t\t<\/div>\n\t\t\t\t<\/div>\n\t\t\t\t<\/div>\n\t\t\t\t<div class=\"elementor-element elementor-element-9f489a6 elementor-widget elementor-widget-heading\" data-id=\"9f489a6\" data-element_type=\"widget\" data-widget_type=\"heading.default\">\n\t\t\t\t<div class=\"elementor-widget-container\">\n\t\t\t<h2 class=\"elementor-heading-title elementor-size-default\">mission<\/h2>\t\t<\/div>\n\t\t\t\t<\/div>\n\t\t\t\t\t<\/div>\n\t\t<\/div>\n\t\t\t\t<div class=\"elementor-column elementor-col-66 elementor-inner-column elementor-element elementor-element-c37d741\" data-id=\"c37d741\" data-element_type=\"column\">\n\t\t\t<div class=\"elementor-widget-wrap elementor-element-populated\">\n\t\t\t\t\t\t\t\t<div class=\"elementor-element elementor-element-d799bf1 elementor-widget elementor-widget-text-editor\" data-id=\"d799bf1\" data-element_type=\"widget\" data-widget_type=\"text-editor.default\">\n\t\t\t\t<div class=\"elementor-widget-container\">\n\t\t\t\t\t<div class=\"elementor-text-editor elementor-clearfix\"><p>Siamo cresciuti con i ritmi e i tempi dei contadini, con i valori del rispetto della natura e del territorio, delle tecniche e degli strumenti tradizionali che per i nostri nonni erano sacri e immodificabili.<\/p><\/div>\n\t\t\t\t<\/div>\n\t\t\t\t<\/div>\n\t\t\t\t<div class=\"elementor-element elementor-element-e6de0fe elementor-widget elementor-widget-text-editor\" data-id=\"e6de0fe\" data-element_type=\"widget\" data-widget_type=\"text-editor.default\">\n\t\t\t\t<div class=\"elementor-widget-container\">\n\t\t\t\t\t<div class=\"elementor-text-editor elementor-clearfix\"><p>E&#8217; nata in noi una vera e propria passione e, come tutte le passioni, non possiamo e non vogliamo viverla in solitudine, voglamo diffondere il pi\u00f9 possibile e condividere colori, aromi e sapori che solo la cultura agricola genuina, sana e ricca pu\u00f2 dare.<\/p><\/div>\n\t\t\t\t<\/div>\n\t\t\t\t<\/div>\n\t\t\t\t\t<\/div>\n\t\t<\/div>\n\t\t\t\t\t\t\t<\/div>\n\t\t<\/section>\n\t\t\t\t<div class=\"elementor-element elementor-element-0604956 elementor-widget elementor-widget-spacer\" data-id=\"0604956\" data-element_type=\"widget\" data-widget_type=\"spacer.default\">\n\t\t\t\t<div class=\"elementor-widget-container\">\n\t\t\t\t\t<div class=\"elementor-spacer\">\n\t\t\t<div class=\"elementor-spacer-inner\"><\/div>\n\t\t<\/div>\n\t\t\t\t<\/div>\n\t\t\t\t<\/div>\n\t\t\t\t\t<\/div>\n\t\t<\/div>\n\t\t\t\t\t\t\t<\/div>\n\t\t<\/section>\n\t\t\t\t\t\t<\/div>\n\t\t\t\t\t<\/div>\n\t\t","protected":false},"excerpt":{"rendered":"<p>La Nostra Azienda Agricola fratelli giamp\u00e0 societ\u00e0 agricola Anno 1967, Calabria, vicino Pizzo. La famiglia Giamp\u00e0 sta coltivando i suoi terreni, si sente l&#8217;odore del mare, l&#8217;odore della terra. L&#8217; annata sembra promettere bene, anche se in cuor suo l&#8217;agricoltore s\u00e0 che \u00e8 nelle mani di madre natura. E&#8217; marzo, mattina presto, sta arrivando la &hellip;<\/p>\n<p class=\"read-more\"> <a class=\"\" href=\"https:\/\/fratelligiampa.it\/index.php\/azienda\/\"> <span class=\"screen-reader-text\">L&#8217;Azienda<\/span> Leggi altro &raquo;<\/a><\/p>\n","protected":false},"author":1,"featured_media":0,"parent":0,"menu_order":0,"comment_status":"closed","ping_status":"closed","template":"","meta":[],"_links":{"self":[{"href":"https:\/\/fratelligiampa.it\/index.php\/wp-json\/wp\/v2\/pages\/92"}],"collection":[{"href":"https:\/\/fratelligiampa.it\/index.php\/wp-json\/wp\/v2\/pages"}],"about":[{"href":"https:\/\/fratelligiampa.it\/index.php\/wp-json\/wp\/v2\/types\/page"}],"author":[{"embeddable":true,"href":"https:\/\/fratelligiampa.it\/index.php\/wp-json\/wp\/v2\/users\/1"}],"replies":[{"embeddable":true,"href":"https:\/\/fratelligiampa.it\/index.php\/wp-json\/wp\/v2\/comments?post=92"}],"version-history":[{"count":56,"href":"https:\/\/fratelligiampa.it\/index.php\/wp-json\/wp\/v2\/pages\/92\/revisions"}],"predecessor-version":[{"id":601,"href":"https:\/\/fratelligiampa.it\/index.php\/wp-json\/wp\/v2\/pages\/92\/revisions\/601"}],"wp:attachment":[{"href":"https:\/\/fratelligiampa.it\/index.php\/wp-json\/wp\/v2\/media?parent=92"}],"curies":[{"name":"wp","href":"https:\/\/api.w.org\/{rel}","templated":true}]}}